{"id":198,"date":"2023-04-28T13:31:01","date_gmt":"2023-04-28T11:31:01","guid":{"rendered":"https:\/\/pastoralsaludmallorca.bisbatdemallorca.org\/?page_id=198"},"modified":"2023-10-25T14:45:07","modified_gmt":"2023-10-25T12:45:07","slug":"pastoral-del-dol","status":"publish","type":"page","link":"https:\/\/pastoralsaludmallorca.bisbatdemallorca.org\/index.php\/pastoral-del-dol\/","title":{"rendered":"Pastoral del DOL"},"content":{"rendered":"\n<div class=\"wp-block-file\"><object class=\"wp-block-file__embed\" data=\"https:\/\/pastoralsaludmallorca.bisbatdemallorca.org\/wp-content\/uploads\/2023\/10\/DICT-DUELO-CASTELLANO.pdf\" type=\"application\/pdf\" style=\"width:100%;height:561px\" aria-label=\"Incrustaci\u00f3 del fitxer DICT DUELO (CASTELLANO).\"><\/object><a id=\"wp-block-file--media-a3275bce-447e-416a-8014-30d781945915\" href=\"https:\/\/pastoralsaludmallorca.bisbatdemallorca.org\/wp-content\/uploads\/2023\/10\/DICT-DUELO-CASTELLANO.pdf\" target=\"_blank\" rel=\"noreferrer noopener\">DICT DUELO (CASTELLANO)<\/a><\/div>\n\n\n\n<div style=\"height:78px\" aria-hidden=\"true\" class=\"wp-block-spacer\"><\/div>\n\n\n\n<div class=\"wp-block-file\"><object class=\"wp-block-file__embed\" data=\"https:\/\/pastoralsaludmallorca.bisbatdemallorca.org\/wp-content\/uploads\/2023\/10\/DICT-DOL-CATALA.pdf\" type=\"application\/pdf\" style=\"width:100%;height:564px\" aria-label=\"Incrustaci\u00f3 del fitxer DICT DOL (CATALA).\"><\/object><a id=\"wp-block-file--media-b69b10a5-7dd0-42f8-a78a-0a2610156e41\" href=\"https:\/\/pastoralsaludmallorca.bisbatdemallorca.org\/wp-content\/uploads\/2023\/10\/DICT-DOL-CATALA.pdf\" target=\"_blank\" rel=\"noreferrer noopener\">DICT DOL (CATALA)<\/a><\/div>\n\n\n\n<div style=\"height:90px\" aria-hidden=\"true\" class=\"wp-block-spacer\"><\/div>\n\n\n\n<p style=\"font-size:clamp(1.125rem, 1.125rem + ((1vw - 0.48rem) * 0.721), 1.5rem);\"><strong>Servei d&#8217;acompanyament i celebraci\u00f3 de exs\u00e9quies als cementeris i tanatoris<\/strong>:<\/p>\n\n\n\n<p>Cementeri municipal de Palma (Son Valent\u00ed-Bon Soseg).<\/p>\n\n\n\n<p>Celebraci\u00f3 de la eucaristia al cementeri de Palma (capella antiga tots els dissabtes a les 12:30)<\/p>\n\n\n\n<p>Cementeris de pobles.<\/p>\n\n\n\n<div style=\"height:35px\" aria-hidden=\"true\" class=\"wp-block-spacer\"><\/div>\n\n\n\n<p style=\"font-size:clamp(1.125rem, 1.125rem + ((1vw - 0.48rem) * 0.721), 1.5rem);\"><strong>El<\/strong> <strong>Servei d&#8217;Escolta i acompanyament en el proc\u00e9s del DOL:<\/strong><\/p>\n\n\n\n<ol>\n<li>Est\u00e0 obert a tots els qui sofreixen p\u00e8rdues.<\/li>\n\n\n\n<li>\u00c9s un servei social d&#8217;ajuda interpersonal, at\u00e8s per voluntaris experts, &#8220;counselling&#8221;.<\/li>\n\n\n\n<li>Dona suport tamb\u00e9 a a les persones que segueixen ter\u00e0pies psicol\u00f2giques.<\/li>\n\n\n\n<li>\u00c9s un servei gratu\u00eft i confidencial.<\/li>\n<\/ol>\n\n\n\n<div style=\"height:35px\" aria-hidden=\"true\" class=\"wp-block-spacer\"><\/div>\n\n\n\n<p style=\"font-size:clamp(1.125rem, 1.125rem + ((1vw - 0.48rem) * 0.721), 1.5rem);\"><strong>Amb l&#8217;atenci\u00f3 individualitzada<\/strong>:<\/p>\n\n\n\n<p>T&#8217;escoltarem amb esment i respecte perqu\u00e8 puguis viure l&#8217;equilibri personal i gaudir de pau interior.<\/p>\n\n\n\n<div style=\"height:10px\" aria-hidden=\"true\" class=\"wp-block-spacer\"><\/div>\n\n\n\n<p>Treballarem perqu\u00e8 identifiquis, acceptis i comuniquis amb llibertat els teus dubtes, aficcions i emocions.<\/p>\n\n\n\n<div style=\"height:10px\" aria-hidden=\"true\" class=\"wp-block-spacer\"><\/div>\n\n\n\n<p>Farem que et sentis acollit i amb ganes de millorar.<\/p>\n\n\n\n<div style=\"height:10px\" aria-hidden=\"true\" class=\"wp-block-spacer\"><\/div>\n\n\n\n<p>T&#8217;ajudarem a descobrir la teva capacitat per fer front a l&#8217;adversitat i superar els conflictes.<\/p>\n\n\n\n<div style=\"height:35px\" aria-hidden=\"true\" class=\"wp-block-spacer\"><\/div>\n\n\n\n<p style=\"font-size:clamp(1.125rem, 1.125rem + ((1vw - 0.48rem) * 0.721), 1.5rem);\"><strong>Amb l&#8217;atenci\u00f3 grupal<\/strong>:<\/p>\n\n\n\n<p>Podr\u00e0s compartir les teves experi\u00e8ncies en el proc\u00e9s del dol.<\/p>\n\n\n\n<div style=\"height:10px\" aria-hidden=\"true\" class=\"wp-block-spacer\"><\/div>\n\n\n\n<p>Alleugerir\u00e0s la pertorbaci\u00f3 del doli viur\u00e0s com a recerca d&#8217;una nova pres\u00e8ncia de l&#8217;\u00e9sser estimat.<\/p>\n\n\n\n<div style=\"height:10px\" aria-hidden=\"true\" class=\"wp-block-spacer\"><\/div>\n\n\n\n<p>L&#8217;experi\u00e8ncia d&#8217;altres que han viscut el mateix drama t&#8217;ajudar\u00e0 a veure que el cam\u00ed continua.<\/p>\n\n\n\n<div style=\"height:35px\" aria-hidden=\"true\" class=\"wp-block-spacer\"><\/div>\n\n\n\n<p style=\"font-size:clamp(1.125rem, 1.125rem + ((1vw - 0.48rem) * 0.721), 1.5rem);\"><strong>Oferim trobades individuals, grups d&#8217;ajuda m\u00fatua, i tamb\u00e9 confer\u00e8ncies sobre:<\/strong><\/p>\n\n\n\n<ul>\n<li>L&#8217;art de saber escoltar.<\/li>\n\n\n\n<li>El dol com a proc\u00e9s.<\/li>\n\n\n\n<li>La relaci\u00f3 d&#8217;ajuda (dins la familia, a l&#8217;escola, a la feina, etc.).<\/li>\n\n\n\n<li>Actitud davant la mort.<\/li>\n<\/ul>\n\n\n\n<div style=\"height:35px\" aria-hidden=\"true\" class=\"wp-block-spacer\"><\/div>\n\n\n\n<p class=\"has-small-font-size\">\u00c9s un servei de la Delegaci\u00f3 de Pastoral de la Salut del Bisbat de Mallorca que treballa en conveni amb el Centre d&#8217;Humanitzaci\u00f3 de la Salut (Madrid),com a membre de l&#8217;Associaci\u00f3 de <em>counselling<\/em> humanista d&#8217;Espanya.<\/p>\n\n\n\n<div style=\"height:35px\" aria-hidden=\"true\" class=\"wp-block-spacer\"><\/div>\n","protected":false},"excerpt":{"rendered":"<p>Servei d&#8217;acompanyament i celebraci\u00f3 de exs\u00e9quies als cementeris i tanatoris: Cementeri municipal de Palma (Son Valent\u00ed-Bon Soseg). Celebraci\u00f3 de la eucaristia al cementeri de Palma (capella antiga tots els dissabtes a les 12:30) Cementeris de pobles. El Servei d&#8217;Escolta i acompanyament en el proc\u00e9s del DOL: Amb l&#8217;atenci\u00f3 individualitzada: T&#8217;escoltarem amb esment i respecte perqu\u00e8 [&hellip;]<\/p>\n","protected":false},"author":1,"featured_media":0,"parent":0,"menu_order":0,"comment_status":"closed","ping_status":"closed","template":"","meta":[],"yoast_head":"<!-- This site is optimized with the Yoast SEO plugin v20.7 - https:\/\/yoast.com\/wordpress\/plugins\/seo\/ -->\n<title>Pastoral del DOL - Pastoral Salud Mallorca<\/title>\n<meta name=\"robots\" content=\"index, follow, max-snippet:-1, max-image-preview:large, max-video-preview:-1\" \/>\n<link rel=\"canonical\" href=\"https:\/\/pastoralsaludmallorca.bisbatdemallorca.org\/index.php\/pastoral-del-dol\/\" \/>\n<meta property=\"og:locale\" content=\"ca_ES\" \/>\n<meta property=\"og:type\" content=\"article\" \/>\n<meta property=\"og:title\" content=\"Pastoral del DOL - Pastoral Salud Mallorca\" \/>\n<meta property=\"og:description\" content=\"Servei d&#8217;acompanyament i celebraci\u00f3 de exs\u00e9quies als cementeris i tanatoris: Cementeri municipal de Palma (Son Valent\u00ed-Bon Soseg). Celebraci\u00f3 de la eucaristia al cementeri de Palma (capella antiga tots els dissabtes a les 12:30) Cementeris de pobles. El Servei d&#8217;Escolta i acompanyament en el proc\u00e9s del DOL: Amb l&#8217;atenci\u00f3 individualitzada: T&#8217;escoltarem amb esment i respecte perqu\u00e8 [&hellip;]\" \/>\n<meta property=\"og:url\" content=\"https:\/\/pastoralsaludmallorca.bisbatdemallorca.org\/index.php\/pastoral-del-dol\/\" \/>\n<meta property=\"og:site_name\" content=\"Pastoral Salud Mallorca\" \/>\n<meta property=\"article:modified_time\" content=\"2023-10-25T12:45:07+00:00\" \/>\n<meta name=\"twitter:card\" content=\"summary_large_image\" \/>\n<meta name=\"twitter:label1\" content=\"Temps estimat de lectura\" \/>\n\t<meta name=\"twitter:data1\" content=\"2 minuts\" \/>\n<script type=\"application\/ld+json\" class=\"yoast-schema-graph\">{\"@context\":\"https:\/\/schema.org\",\"@graph\":[{\"@type\":\"WebPage\",\"@id\":\"https:\/\/pastoralsaludmallorca.bisbatdemallorca.org\/index.php\/pastoral-del-dol\/\",\"url\":\"https:\/\/pastoralsaludmallorca.bisbatdemallorca.org\/index.php\/pastoral-del-dol\/\",\"name\":\"Pastoral del DOL - Pastoral Salud Mallorca\",\"isPartOf\":{\"@id\":\"https:\/\/pastoralsaludmallorca.bisbatdemallorca.org\/#website\"},\"datePublished\":\"2023-04-28T11:31:01+00:00\",\"dateModified\":\"2023-10-25T12:45:07+00:00\",\"breadcrumb\":{\"@id\":\"https:\/\/pastoralsaludmallorca.bisbatdemallorca.org\/index.php\/pastoral-del-dol\/#breadcrumb\"},\"inLanguage\":\"ca\",\"potentialAction\":[{\"@type\":\"ReadAction\",\"target\":[\"https:\/\/pastoralsaludmallorca.bisbatdemallorca.org\/index.php\/pastoral-del-dol\/\"]}]},{\"@type\":\"BreadcrumbList\",\"@id\":\"https:\/\/pastoralsaludmallorca.bisbatdemallorca.org\/index.php\/pastoral-del-dol\/#breadcrumb\",\"itemListElement\":[{\"@type\":\"ListItem\",\"position\":1,\"name\":\"Portada\",\"item\":\"https:\/\/pastoralsaludmallorca.bisbatdemallorca.org\/\"},{\"@type\":\"ListItem\",\"position\":2,\"name\":\"Pastoral del DOL\"}]},{\"@type\":\"WebSite\",\"@id\":\"https:\/\/pastoralsaludmallorca.bisbatdemallorca.org\/#website\",\"url\":\"https:\/\/pastoralsaludmallorca.bisbatdemallorca.org\/\",\"name\":\"Pastoral Salud Mallorca\",\"description\":\"\",\"publisher\":{\"@id\":\"https:\/\/pastoralsaludmallorca.bisbatdemallorca.org\/#organization\"},\"potentialAction\":[{\"@type\":\"SearchAction\",\"target\":{\"@type\":\"EntryPoint\",\"urlTemplate\":\"https:\/\/pastoralsaludmallorca.bisbatdemallorca.org\/?s={search_term_string}\"},\"query-input\":\"required name=search_term_string\"}],\"inLanguage\":\"ca\"},{\"@type\":\"Organization\",\"@id\":\"https:\/\/pastoralsaludmallorca.bisbatdemallorca.org\/#organization\",\"name\":\"Pastoral Salud Mallorca\",\"url\":\"https:\/\/pastoralsaludmallorca.bisbatdemallorca.org\/\",\"logo\":{\"@type\":\"ImageObject\",\"inLanguage\":\"ca\",\"@id\":\"https:\/\/pastoralsaludmallorca.bisbatdemallorca.org\/#\/schema\/logo\/image\/\",\"url\":\"https:\/\/pastoralsaludmallorca.bisbatdemallorca.org\/wp-content\/uploads\/Dise\u00f1o\/Icono-SALUT.png\",\"contentUrl\":\"https:\/\/pastoralsaludmallorca.bisbatdemallorca.org\/wp-content\/uploads\/Dise\u00f1o\/Icono-SALUT.png\",\"width\":945,\"height\":945,\"caption\":\"Pastoral Salud Mallorca\"},\"image\":{\"@id\":\"https:\/\/pastoralsaludmallorca.bisbatdemallorca.org\/#\/schema\/logo\/image\/\"}}]}<\/script>\n<!-- \/ Yoast SEO plugin. -->","yoast_head_json":{"title":"Pastoral del DOL - Pastoral Salud Mallorca","robots":{"index":"index","follow":"follow","max-snippet":"max-snippet:-1","max-image-preview":"max-image-preview:large","max-video-preview":"max-video-preview:-1"},"canonical":"https:\/\/pastoralsaludmallorca.bisbatdemallorca.org\/index.php\/pastoral-del-dol\/","og_locale":"ca_ES","og_type":"article","og_title":"Pastoral del DOL - Pastoral Salud Mallorca","og_description":"Servei d&#8217;acompanyament i celebraci\u00f3 de exs\u00e9quies als cementeris i tanatoris: Cementeri municipal de Palma (Son Valent\u00ed-Bon Soseg). Celebraci\u00f3 de la eucaristia al cementeri de Palma (capella antiga tots els dissabtes a les 12:30) Cementeris de pobles. El Servei d&#8217;Escolta i acompanyament en el proc\u00e9s del DOL: Amb l&#8217;atenci\u00f3 individualitzada: T&#8217;escoltarem amb esment i respecte perqu\u00e8 [&hellip;]","og_url":"https:\/\/pastoralsaludmallorca.bisbatdemallorca.org\/index.php\/pastoral-del-dol\/","og_site_name":"Pastoral Salud Mallorca","article_modified_time":"2023-10-25T12:45:07+00:00","twitter_card":"summary_large_image","twitter_misc":{"Temps estimat de lectura":"2 minuts"},"schema":{"@context":"https:\/\/schema.org","@graph":[{"@type":"WebPage","@id":"https:\/\/pastoralsaludmallorca.bisbatdemallorca.org\/index.php\/pastoral-del-dol\/","url":"https:\/\/pastoralsaludmallorca.bisbatdemallorca.org\/index.php\/pastoral-del-dol\/","name":"Pastoral del DOL - Pastoral Salud Mallorca","isPartOf":{"@id":"https:\/\/pastoralsaludmallorca.bisbatdemallorca.org\/#website"},"datePublished":"2023-04-28T11:31:01+00:00","dateModified":"2023-10-25T12:45:07+00:00","breadcrumb":{"@id":"https:\/\/pastoralsaludmallorca.bisbatdemallorca.org\/index.php\/pastoral-del-dol\/#breadcrumb"},"inLanguage":"ca","potentialAction":[{"@type":"ReadAction","target":["https:\/\/pastoralsaludmallorca.bisbatdemallorca.org\/index.php\/pastoral-del-dol\/"]}]},{"@type":"BreadcrumbList","@id":"https:\/\/pastoralsaludmallorca.bisbatdemallorca.org\/index.php\/pastoral-del-dol\/#breadcrumb","itemListElement":[{"@type":"ListItem","position":1,"name":"Portada","item":"https:\/\/pastoralsaludmallorca.bisbatdemallorca.org\/"},{"@type":"ListItem","position":2,"name":"Pastoral del DOL"}]},{"@type":"WebSite","@id":"https:\/\/pastoralsaludmallorca.bisbatdemallorca.org\/#website","url":"https:\/\/pastoralsaludmallorca.bisbatdemallorca.org\/","name":"Pastoral Salud Mallorca","description":"","publisher":{"@id":"https:\/\/pastoralsaludmallorca.bisbatdemallorca.org\/#organization"},"potentialAction":[{"@type":"SearchAction","target":{"@type":"EntryPoint","urlTemplate":"https:\/\/pastoralsaludmallorca.bisbatdemallorca.org\/?s={search_term_string}"},"query-input":"required name=search_term_string"}],"inLanguage":"ca"},{"@type":"Organization","@id":"https:\/\/pastoralsaludmallorca.bisbatdemallorca.org\/#organization","name":"Pastoral Salud Mallorca","url":"https:\/\/pastoralsaludmallorca.bisbatdemallorca.org\/","logo":{"@type":"ImageObject","inLanguage":"ca","@id":"https:\/\/pastoralsaludmallorca.bisbatdemallorca.org\/#\/schema\/logo\/image\/","url":"https:\/\/pastoralsaludmallorca.bisbatdemallorca.org\/wp-content\/uploads\/Dise\u00f1o\/Icono-SALUT.png","contentUrl":"https:\/\/pastoralsaludmallorca.bisbatdemallorca.org\/wp-content\/uploads\/Dise\u00f1o\/Icono-SALUT.png","width":945,"height":945,"caption":"Pastoral Salud Mallorca"},"image":{"@id":"https:\/\/pastoralsaludmallorca.bisbatdemallorca.org\/#\/schema\/logo\/image\/"}}]}},"_links":{"self":[{"href":"https:\/\/pastoralsaludmallorca.bisbatdemallorca.org\/index.php\/wp-json\/wp\/v2\/pages\/198"}],"collection":[{"href":"https:\/\/pastoralsaludmallorca.bisbatdemallorca.org\/index.php\/wp-json\/wp\/v2\/pages"}],"about":[{"href":"https:\/\/pastoralsaludmallorca.bisbatdemallorca.org\/index.php\/wp-json\/wp\/v2\/types\/page"}],"author":[{"embeddable":true,"href":"https:\/\/pastoralsaludmallorca.bisbatdemallorca.org\/index.php\/wp-json\/wp\/v2\/users\/1"}],"replies":[{"embeddable":true,"href":"https:\/\/pastoralsaludmallorca.bisbatdemallorca.org\/index.php\/wp-json\/wp\/v2\/comments?post=198"}],"version-history":[{"count":28,"href":"https:\/\/pastoralsaludmallorca.bisbatdemallorca.org\/index.php\/wp-json\/wp\/v2\/pages\/198\/revisions"}],"predecessor-version":[{"id":843,"href":"https:\/\/pastoralsaludmallorca.bisbatdemallorca.org\/index.php\/wp-json\/wp\/v2\/pages\/198\/revisions\/843"}],"wp:attachment":[{"href":"https:\/\/pastoralsaludmallorca.bisbatdemallorca.org\/index.php\/wp-json\/wp\/v2\/media?parent=198"}],"curies":[{"name":"wp","href":"https:\/\/api.w.org\/{rel}","templated":true}]}}